 f be 66/(-10) + (-2)/5. Let i = f + 10. Calculate the remainder when i is divided by k(9).
1
Suppose -388 = -5*r + 282. Calculate the remainder when r is divided by 17.
15
Let z = 16 + -16. Let m(d) = d**2 + 7*d + 8. What is the remainder when (z - -1) + (9 - 4) is divided by m(-6)?
0
Let s(p) = 19*p**2 + 3*p - 3. Let b be s(3). Suppose 0 = 3*j - 4*y - b, 5*j - 118 = -y + 200. Calculate the remainder when j is divided by 16.
15
Suppose -4*m + 367 = -5*r, -2*r = 2*m + m - 304. Calculate the remainder when m is divided by 26.
20
Suppose -h + 2*o + 0 = -5, -2*o + 4 = 2*h. Let t(v) = 4*v**2 + v**3 + 7*v + h*v**2 - 5*v - 5. Calculate the remainder when t(-6) is divided by 10.
9
Suppose 3*w + 53 = -2*o, 3*o + 49 = -3*w - o. Let c = 24 + w. What is the remainder when 29 is divided by c?
4
Calculate the remainder when (6/(-2))/((-9)/237) is divided by 20.
19
Let v = 11 + -5. Suppose 2 = a, 5*s - 2*a + v*a + 167 = 0. Let w = s + 61. Calculate the remainder when w is divided by 9.
8
Suppose -3*y - 88 = -4*n, -4*n + 68 = -2*y + 4*y. Let j = n + -9. Let q = 53 + -25. Calculate the remainder when q is divided by j.
8
Let c(k) = k + 25. What is the remainder when 24 is divided by c(-12)?
11
Let d = -1 - -1. What is the remainder when 9 is divided by (-4 - (d + 1))*-1?
4
Suppose 3*w - 2*w - 7 = 0. Let l(n) = 3*n**2 - 16*n + 2. What is the remainder when l(w) is divided by 10?
7
Suppose o = 3*o. Let i = o + 3. Calculate the remainder when i is divided by 3.
0
Let n = 176 + -168. Let q = -8 + 12. Calculate the remainder when n is divided by q.
0
Let c(h) = 3*h**3 - h**3 + 3 - h**3 + 2*h + 5*h**2. What is the remainder when 31 is divided by c(-4)?
9
Suppose -3*m - 39 = -2*l, -2*m - 5*l = -0*m + 7. Let t = m + 7. Calculate the remainder when 25 is divided by 258/30 - t/10.
7
Let k = 60 + -54. What is the remainder when 13 is divided by k?
1
Let g be (-4)/(-5)*245/(-14). Let m = 21 + g. What is the remainder when 19 is divided by m?
5
Let j(b) = -b**3 + 7*b**2 + b + 1. Calculate the remainder when j(3) is divided by 11.
7
Let o(p) = -p**2 + 4*p + 2. What is the remainder when (0 - -2) + 0/(-2) is divided by o(4)?
0
Let t be (10/(-15))/(1/(-3)). Suppose -5*z = f + 8, f - 2*z - 2 = t*f. Suppose 33 = s + f*s. What is the remainder when 31 is divided by s?
9
Let v(k) = k**2 + k**3 - 4*k**2 + 3 + 2*k**2 - 4. What is the remainder when 10 is divided by v(2)?
1
Suppose -y = -2*y + 4*i + 6, 4*y + 2*i = -30. What is the remainder when 0 + 3 + y - -22 is divided by 11?
8
Suppose 3*j = 4*j - 8. Let t = j - -2. Calculate the remainder when 29 is divided by t.
9
Suppose -4*g + 159 = 51. What is the remainder when g is divided by (-44)/(-6) + (-2)/6?
6
Suppose 0 = a + 4, -u = -6*u - a + 71. Calculate the remainder when u is divided by 5.
0
Let l = -51 - -86. What is the remainder when 104 is divided by l?
34
Suppose 5*s = -5*l + 592 - 32, l = -4*s + 439. What is the remainder when s is divided by 28?
25
What is the remainder when 3465/18 + (-3)/(-6) is divided by 13?
11
Suppose 2*p + 3*p + 5*r = -25, 0 = p - r - 5. Suppose j - 2*x = 2, x = 5*j - p*x - 55. Calculate the remainder when 23 is divided by j.
11
Let h = -55 - -81. What is the remainder when 48 is divided by h?
22
Let p = 8 + -1. Calculate the remainder when p is divided by 4.
3
Let b(q) = 7*q - 3. Let g be b(6). Suppose -5*z = -214 + 39. Suppose 2*v = g + z. What is the remainder when v is divided by 13?
11
What is the remainder when (-20)/35 - 151/(-7) is divided by 54/8 + 24/(-32)?
3
Let s(b) = b**2 + 15*b - 23. What is the remainder when s(-22) is divided by 33?
32
Let g be -1*(-1 + (0 - 1)). Suppose -g*d + 3*d + 1 = 0. Let o = d + 12. Calculate the remainder when 32 is divided by o.
10
Calculate the remainder when (3 + 2)*23 + 3 is divided by 30.
28
What is the remainder when 20/3 - (5/3 - 2) is divided by 5?
2
Let k = -33 - -40. What is the remainder when k is divided by ((-8)/10)/((-2)/10)?
3
Suppose -90 = -5*d - 30. Suppose -2*w + 16 = 2*o, 2*w - d = -o - w. Calculate the remainder when 17 is divided by o.
5
Let d be 2/(-8) - 18/(-8). Suppose -5*f + d*y - 14 - 6 = 0, -5*f - 5*y - 55 = 0. Calculate the remainder when 20 is divided by f/(-4)*(-28)/(-6).
6
Let c = 141 - 63. What is the remainder when c is divided by 20?
18
Suppose -15 = -4*t + t + 5*d, 4*t = -4*d + 20. What is the remainder when 17 is divided by t?
2
Suppose 7*s - 10*s = -27. Calculate the remainder when s is divided by 4.
1
Let g(u) = 1 - 2 - 24*u - 18*u + 0. What is the remainder when g(-1) is divided by 14?
13
Suppose -5*q - 4*m = -25, -2*m + 8 = 2*q - 2. What is the remainder when 9/q*(2 - -3) is divided by 5?
4
Let d be ((-216)/42)/((-2)/14). Suppose 0 = -6*r + 2*r + d. What is the remainder when 25 is divided by r?
7
Suppose -8 = -5*y + 2*x, -2*x = x + 12. Suppose y = u - 51 + 18. What is the remainder when u is divided by 12?
9
Let j(h) = -h**3 - h**2 - h. Let n be j(0). Suppose -4*d - 5*p + 75 = n, -2*d = 3*d - 2*p - 69. Calculate the remainder when d is divided by 8.
7
Suppose -4*m + 0 = 16. Let g = -2 - m. Calculate the remainder when 2 is divided by g.
0
Let w(k) = k**3 + 6*k**2 - 2*k - 3. Let u = -2 + -4. What is the remainder when 16 is divided by w(u)?
7
Suppose -4*n + 3*j - 10 = -30, 0 = -5*n + j + 14. Calculate the remainder when 1*-1*(-1 + -1) is divided by n.
0
Let t = 33 - 16. What is the remainder when 48 is divided by t?
14
Let n = -6 + 9. Suppose 5*b - 231 = -n*r, -7*b + 2*b = -3*r + 231. Suppose -2*f = -7*f + 130. What is the remainder when r is divided by f?
25
Let x = -24 - -34. What is the remainder when x is divided by 5?
0
What is the remainder when 19 is divided by (-10)/(0 - (-4)/(-4))?
9
Suppose x - 3 = -0*x, -4*f - 4*x + 176 = 0. What is the remainder when f is divided by 11?
8
What is the remainder when 7 is divided by (15/10)/1 - 21/(-6)?
2
Let u(r) = r**3 + 5*r**2 + r + 7. Let g be u(-5). What is the remainder when 65 is divided by -2 - (-20 - (-2)/g)?
14
Suppose 2*c + c = -5*w - 146, w + 28 = -c. Let f = 46 + w. Calculate the remainder when 44 is divided by f.
14
What is the remainder when (10/(-30))/(-1 - 59/(-60)) is divided by 13?
7
Let k(h) = -h**3 + 9*h**2 + 10*h + 13. Let t be 2/2 + 0 + 9. What is the remainder when 38 is divided by k(t)?
12
Suppose -29 - 3 = -k. Suppose -42 = -4*r + 3*g - 2*g, -5*r + 65 = 5*g. Calculate the remainder when k is divided by r.
10
Suppose -l - 6 = -45. What is the remainder when 114 is divided by l?
36
Let w = -2 - -7. Calculate the remainder when w is divided by 14/(-2)*(-5)/(70/4).
1
Let z(v) = -v - 5. Let t be z(-8). Suppose -b = -t*b + 20. Calculate the remainder when 38 is divided by b.
8
Let y(u) = -u**2 + 3*u. Let z be y(3). Suppose z = 2*q + q. Suppose 3*k + 0*t - 9 = -2*t, q = -4*t. What is the remainder when 5 is divided by k?
2
Suppose p - d - 186 = 5*p, -4*d = -5*p - 243. Let r = 91 + p. Calculate the remainder when r is divided by 15.
14
Suppose -2*r + 10 - 4 = 0. Suppose l - 4*p - 13 = p, 0 = r*l - 2*p - 26. Calculate the remainder when (-750)/(-26) - (-5)/((-130)/(-4)) is divided by l.
5
Let j(g) = g**2 - 12*g + 13. What is the remainder when 25 is divided by j(12)?
12
Let g(z) = z + 7. Let m be g(6). Let r = m + 1. Calculate the remainder when 27 is divided by r.
13
Let h be (-14)/(-6) - (-2)/3. Suppose -h*a - a + 48 = 0. What is the remainder when 46 is divided by a?
10
Suppose w + 2*c = 28, 3*w - w = 5*c + 74. Calculate the remainder when w is divided by 4 + -3 + -2 - -12.
10
Let k(j) = 29*j + 16. Calculate the remainder when k(3) is divided by 26.
25
Suppose 3*n - 4*j - 54 = 0, -4*n + 24 = 5*j - 17. Calculate the remainder when 26 is divided by n.
12
What is the remainder when 15 is divided by 2*(3 + 9/6)?
6
Let d = -57 + 63. Calculate the remainder when 31 is divided by d.
1
Let w = -12 + 21. Suppose 3*v + 0*v = -w. What is the remainder when 16 is divided by (v - -2)*(-8 + -1)?
7
Let k(d) = d - 5. Let c be k(10). Suppose g - 35 + c = 0. Calculate the remainder when 118 is divided by g.
28
Suppose -4*i = 12, 3*c - i + 7 = 8*c. Let h = 17 - 4. What is the remainder when h is divided by 7/(c - (-2 + 3))?
6
Let a = -1 - -3. Suppose -a*k - k = -12. Suppose -4*b = -12 - 12. Calculate the remainder when b is divided by k.
2
Let v(y) = -y**2 + 8*y + 10. S